{"id":108,"date":"2024-03-20T16:37:15","date_gmt":"2024-03-20T16:37:15","guid":{"rendered":"https:\/\/prolococolfiorito.it\/?page_id=108"},"modified":"2024-05-04T06:09:05","modified_gmt":"2024-05-04T06:09:05","slug":"colfiorito-2","status":"publish","type":"page","link":"https:\/\/prolococolfiorito.it\/index.php\/colfiorito-2\/","title":{"rendered":"Colfiorito"},"content":{"rendered":"<p>[et_pb_section fb_built=&#8221;1&#8243; admin_label=&#8221;Header&#8221; _builder_version=&#8221;4.24.2&#8243; _module_preset=&#8221;default&#8221; use_background_color_gradient=&#8221;on&#8221; background_color_gradient_stops=&#8221;rgba(34,34,34,0) 0%|gcid-1f9b0bb3-481a-49f1-9fe6-999fc3c3182b 100%&#8221; background_color_gradient_overlays_image=&#8221;on&#8221; background_image=&#8221;https:\/\/prolococolfiorito.it\/wp-content\/uploads\/2024\/03\/Colfiorito-2.jpg&#8221; custom_padding=&#8221;90px||90px||true|false&#8221; locked=&#8221;off&#8221; collapsed=&#8221;on&#8221; global_colors_info=&#8221;{%22gcid-1f9b0bb3-481a-49f1-9fe6-999fc3c3182b%22:%91%22background_color_gradient_stops%22%93}&#8221;][et_pb_row _builder_version=&#8221;4.20.0&#8243; _module_preset=&#8221;default&#8221; global_colors_info=&#8221;{}&#8221;][et_pb_column type=&#8221;4_4&#8243; _builder_version=&#8221;4.20.0&#8243; _module_preset=&#8221;default&#8221; global_colors_info=&#8221;{}&#8221;][\/et_pb_column][\/et_pb_row][\/et_pb_section][et_pb_section fb_built=&#8221;1&#8243; make_equal=&#8221;on&#8221; specialty=&#8221;on&#8221; background_color_1=&#8221;#B1040E&#8221; padding_top_1=&#8221;30px&#8221; padding_right_1=&#8221;30px&#8221; padding_bottom_1=&#8221;30px&#8221; padding_left_1=&#8221;30px&#8221; padding_top_bottom_link_1=&#8221;true&#8221; padding_left_right_link_1=&#8221;true&#8221; _builder_version=&#8221;4.20.0&#8243; _module_preset=&#8221;default&#8221; custom_padding=&#8221;0px||0px||true|&#8221; global_colors_info=&#8221;{}&#8221;][et_pb_column type=&#8221;1_3&#8243; _builder_version=&#8221;4.16&#8243; _module_preset=&#8221;default&#8221; custom_padding=&#8221;|||&#8221; global_colors_info=&#8221;{}&#8221; custom_padding__hover=&#8221;|||&#8221;][et_pb_text _builder_version=&#8221;4.24.2&#8243; _module_preset=&#8221;default&#8221; global_colors_info=&#8221;{}&#8221;][\/et_pb_text][\/et_pb_column][et_pb_column type=&#8221;2_3&#8243; specialty_columns=&#8221;2&#8243; _builder_version=&#8221;4.16&#8243; _module_preset=&#8221;default&#8221; custom_padding=&#8221;|||&#8221; global_colors_info=&#8221;{}&#8221; custom_padding__hover=&#8221;|||&#8221;][et_pb_row_inner _builder_version=&#8221;4.20.0&#8243; _module_preset=&#8221;default&#8221; global_colors_info=&#8221;{}&#8221;][et_pb_column_inner saved_specialty_column_type=&#8221;2_3&#8243; _builder_version=&#8221;4.20.0&#8243; _module_preset=&#8221;default&#8221; global_colors_info=&#8221;{}&#8221;][et_pb_text _builder_version=&#8221;4.24.2&#8243; _module_preset=&#8221;9a14bd88-113e-4b4d-a6d8-b08ba9ca47f1&#8243; locked=&#8221;off&#8221; global_colors_info=&#8221;{}&#8221;]<\/p>\n<h2 style=\"text-align: center;\"><strong>Scopri Colfiorito<\/strong><\/h2>\n<p>[\/et_pb_text][et_pb_image src=&#8221;https:\/\/prolococolfiorito.it\/wp-content\/uploads\/2023\/11\/Logo-ProLoco-Colfiorito.jpg&#8221; title_text=&#8221;Logo ProLoco Colfiorito&#8221; _builder_version=&#8221;4.24.2&#8243; _module_preset=&#8221;default&#8221; locked=&#8221;off&#8221; global_colors_info=&#8221;{}&#8221;][\/et_pb_image][et_pb_text module_id=&#8221;policedepartment&#8221; _builder_version=&#8221;4.24.2&#8243; _module_preset=&#8221;9a14bd88-113e-4b4d-a6d8-b08ba9ca47f1&#8243; custom_margin=&#8221;||0px||false|false&#8221; global_colors_info=&#8221;{}&#8221;]<\/p>\n<h4>Eventi a Colfiorito<\/h4>\n<p>&nbsp;<\/p>\n<p>[\/et_pb_text][et_pb_text module_id=&#8221;policedepartment&#8221; _builder_version=&#8221;4.24.2&#8243; _module_preset=&#8221;9a14bd88-113e-4b4d-a6d8-b08ba9ca47f1&#8243; custom_margin=&#8221;||0px||false|false&#8221; global_colors_info=&#8221;{}&#8221;]<\/p>\n<h4>Fiera di Plestia<\/h4>\n<p>[\/et_pb_text][et_pb_text _builder_version=&#8221;4.24.2&#8243; _module_preset=&#8221;default&#8221; global_colors_info=&#8221;{}&#8221;]<\/p>\n<p><span><span style=\"text-decoration: underline;\"><strong>La Fiera di Plestia<\/strong> <\/span>si svolge a Colfiorito, da maggio a settembre, la mattina del luned\u00ec successivo alla prima domenica del mese.<\/span><br \/><span>E&#8217; una manifestazione che affonda le proprie origini nel medioevo, o ancor pi\u00f9 lontano e, che richiama gli abitanti di tutti i paesi degli altopiani.<\/span><br \/><span>Potrebbe essere definita un &#8220;mercato di confine&#8221; dato che si tiene proprio in quel lembo di terra dove il territorio di Foligno tocca quello di Serravalle di Chienti: antico crocevia di strade dove un tempo sorgeva l&#8217;antica citt\u00e0 di Plestia, luogo d&#8217;incontro e di scambio fin da epoche lontanissime.<\/span><br \/><span>Questa fiera \u00e8 anche un&#8217;occasione per una passeggiata nello splendido scenario della Piana di Colfiorito, alla scoperta delle sue bellezze naturali e storico artistiche<\/span><\/p>\n<p>[\/et_pb_text][et_pb_text module_id=&#8221;policedepartment&#8221; _builder_version=&#8221;4.24.2&#8243; _module_preset=&#8221;9a14bd88-113e-4b4d-a6d8-b08ba9ca47f1&#8243; custom_margin=&#8221;||0px||false|false&#8221; global_colors_info=&#8221;{}&#8221;]<\/p>\n<h4>Festa Triennale<\/h4>\n<p>[\/et_pb_text][et_pb_text _builder_version=&#8221;4.24.2&#8243; _module_preset=&#8221;default&#8221; hover_enabled=&#8221;0&#8243; global_colors_info=&#8221;{}&#8221; sticky_enabled=&#8221;0&#8243;]<\/p>\n<p>Festa del paese di Colfiorito, con varie celebrazioni eucaristiche e processione per le vie del paese<\/p>\n<p>[\/et_pb_text][et_pb_text module_id=&#8221;policedepartment&#8221; _builder_version=&#8221;4.24.2&#8243; _module_preset=&#8221;9a14bd88-113e-4b4d-a6d8-b08ba9ca47f1&#8243; custom_margin=&#8221;||0px||false|false&#8221; global_colors_info=&#8221;{}&#8221;]<\/p>\n<h4>Festa della Madonna a Maggio<\/h4>\n<p>[\/et_pb_text][et_pb_text _builder_version=&#8221;4.24.2&#8243; _module_preset=&#8221;default&#8221; global_colors_info=&#8221;{}&#8221;]<\/p>\n<p>Celebrazione Eucaristica della Santa Messa nella Chiesa di Plestia, seguito da un intrattenimento conviviale tra i partecipanti<\/p>\n<p>[\/et_pb_text][et_pb_text module_id=&#8221;policedepartment&#8221; _builder_version=&#8221;4.24.2&#8243; _module_preset=&#8221;9a14bd88-113e-4b4d-a6d8-b08ba9ca47f1&#8243; custom_margin=&#8221;||0px||false|false&#8221; global_colors_info=&#8221;{}&#8221;]<\/p>\n<h4>Processione Cristo morto<\/h4>\n<p>[\/et_pb_text][et_pb_text _builder_version=&#8221;4.24.2&#8243; _module_preset=&#8221;default&#8221; global_colors_info=&#8221;{}&#8221;]<\/p>\n<p><span>Il Venerd\u00ec Santo si svolge la <span style=\"text-decoration: underline;\"><strong>Processione del Cristo Morto<\/strong><\/span>, molto suggestiva e di antica tradizione. Ad aprire la Processione vi \u00e8 un uomo che porta una Croce di legno sulle spalle, subito dietro ci sono i penitenti a piedi scalzi, con la Croce in spalla e lunghe catene alle caviglie. Seguono i Crocieri che portano delle Croci di cartapesta illuminate all&#8217;interno da candele. Poi le bambine vestite di bianco, i sacerdoti, la statua del Cristo Morto e un soldato romano a cavallo. Seguono i cantori uomini che intonano il Miserere, la statua della Madonna Addolorata e infine le Pie Donne che cantano lo Stabat Mater.<\/span><\/p>\n<p>[\/et_pb_text][et_pb_divider color=&#8221;#E02B20&#8243; _builder_version=&#8221;4.24.2&#8243; _module_preset=&#8221;default&#8221; global_colors_info=&#8221;{}&#8221;][\/et_pb_divider][et_pb_text module_id=&#8221;policedepartment&#8221; _builder_version=&#8221;4.24.2&#8243; _module_preset=&#8221;9a14bd88-113e-4b4d-a6d8-b08ba9ca47f1&#8243; custom_margin=&#8221;||0px||false|false&#8221; global_colors_info=&#8221;{}&#8221;]<\/p>\n<h4>Storia di Colfiorito<\/h4>\n<p>[\/et_pb_text][et_pb_text _builder_version=&#8221;4.24.2&#8243; _module_preset=&#8221;f100af8c-f3d0-4327-ba93-13fc1c31dcb2&#8243; global_colors_info=&#8221;{}&#8221;]<\/p>\n<p>&nbsp;<\/p>\n<p>Gi\u00e0 durante il periodo romano, nel 178 a.C., l&#8217;abitato era municipio col nome di Plestia o Plestina. Scavi archeologici hanno messo alla luce resti di manufatti tardo-repubblicani, quali un foro, un tempio e altri edifici con pavimenti a mosaico e portici. Nel V secolo la citt\u00e0 era sede di diocesi e tuttora \u00e8 sede titolare. Nel X secolo, dopo l&#8217;abbandono della citt\u00e0 di Plestia, nel sito venne ricostruita la chiesa cattedrale di Santa Maria, a testimonianza dell&#8217;importanza dell&#8217;area, strategico nodo di comunicazione tra l&#8217;Umbria e le regioni adriatiche, mentre l&#8217;abitato si stabil\u00ec sulla balza detta &#8220;Pizzale&#8221;.<\/p>\n<p>A partire dal XII secolo l&#8217;area in pianura si spopola e si ricostituisce attorno agli antichi castellieri, piccoli insediamenti fortificati pre-romani costruiti in cima ai colli circostanti (Annifo, Lignano, Popola). Nel 1269 il comune di Foligno costru\u00ec il castello, che assunse notevole importanza civile e militare.<\/p>\n<p>[\/et_pb_text][et_pb_text module_id=&#8221;firedepartment&#8221; _builder_version=&#8221;4.24.2&#8243; _module_preset=&#8221;9a14bd88-113e-4b4d-a6d8-b08ba9ca47f1&#8243; custom_margin=&#8221;||0px||false|false&#8221; global_colors_info=&#8221;{}&#8221;]<\/p>\n<h4>Museo<\/h4>\n<p>[\/et_pb_text][et_pb_text _builder_version=&#8221;4.24.2&#8243; _module_preset=&#8221;f100af8c-f3d0-4327-ba93-13fc1c31dcb2&#8243; global_colors_info=&#8221;{}&#8221;]<\/p>\n<p><a href=\"http:\/\/www.museifoligno.it\/i-musei\/museo-archeologico-colfiorito-mac\" target=\"_blank\" rel=\"noopener\"><span style=\"text-decoration: underline;\">Il Museo Archeologico di Colfiorito (MAC)<\/span><\/a>, inaugurato nel 2011, \u00e8 un luogo affascinante che ti permette di immergerti nella storia e nella cultura della regione.<\/p>\n<p>[\/et_pb_text][et_pb_text module_id=&#8221;publicworks&#8221; _builder_version=&#8221;4.24.2&#8243; _module_preset=&#8221;9a14bd88-113e-4b4d-a6d8-b08ba9ca47f1&#8243; custom_margin=&#8221;||0px||false|false&#8221; global_colors_info=&#8221;{}&#8221;]<\/p>\n<h4>Parco Regionale di Colfiorito<\/h4>\n<p>[\/et_pb_text][et_pb_text _builder_version=&#8221;4.24.2&#8243; _module_preset=&#8221;f100af8c-f3d0-4327-ba93-13fc1c31dcb2&#8243; global_colors_info=&#8221;{}&#8221;]<\/p>\n<p><a href=\"https:\/\/www.regione.umbria.it\/parco-regionale-di-colfiorito\" target=\"_blank\" rel=\"noopener\"><span style=\"text-decoration: underline;\">Il Parco regionale di Colfiorito<\/span><\/a> \u00e8 un\u2019area protetta situata nel territorio di Colfiorito, una piccola frazione della citt\u00e0 di Foligno in Umbria. Questo parco, sebbene sia il pi\u00f9 piccolo della regione con una superficie di 338 ettari, \u00e8 di grande importanza biologica e affascinante da visitare<\/p>\n<p>[\/et_pb_text][et_pb_text module_id=&#8221;communitydevelopment&#8221; _builder_version=&#8221;4.24.2&#8243; _module_preset=&#8221;9a14bd88-113e-4b4d-a6d8-b08ba9ca47f1&#8243; custom_margin=&#8221;||0px||false|false&#8221; global_colors_info=&#8221;{}&#8221;]<\/p>\n<h4>Territori e Dintorni<\/h4>\n<p>[\/et_pb_text][et_pb_text _builder_version=&#8221;4.24.2&#8243; _module_preset=&#8221;f100af8c-f3d0-4327-ba93-13fc1c31dcb2&#8243; global_colors_info=&#8221;{}&#8221;]<\/p>\n<p><strong>Colfiorito<\/strong>, situata tra\u00a0<strong>Umbria<\/strong>\u00a0e\u00a0<strong>Marche<\/strong>, \u00e8 un luogo affascinante che offre una variet\u00e0 di attrazioni naturali e storiche. Ecco alcune delle citt\u00e0 e borghi da visitare.<\/p>\n<p><a href=\"https:\/\/hotelrasiglia.it\/\" target=\"_blank\" rel=\"noopener\"><span style=\"text-decoration: underline;\">Rasiglia &#8211;\u00a0 Borgo dei Ruscelli<\/span><\/a><\/p>\n<p><a href=\"https:\/\/www.comune.foligno.pg.it\/turismo\/\" target=\"_blank\" rel=\"noopener\"><span style=\"text-decoration: underline;\">Foligno &#8211; Citt\u00e0 della Quintana<\/span><\/a><\/p>\n<p><a href=\"https:\/\/www.visit-assisi.it\/\" target=\"_blank\" rel=\"noopener\"><span style=\"text-decoration: underline;\">Assisi &#8211; Citt\u00e0 di San Francesco<\/span><\/a><\/p>\n<p><a href=\"https:\/\/www.comune.spello.pg.it\/turismo\/\" target=\"_blank\" rel=\"noopener\"><span style=\"text-decoration: underline;\">Spello &#8211; Borgo dei Fiori<\/span><\/a><\/p>\n<p><a href=\"https:\/\/turismo.comune.perugia.it\/\" target=\"_blank\" rel=\"noopener\"><span style=\"text-decoration: underline;\">Perugia &#8211; Capoluogo<\/span><\/a><\/p>\n<p><a href=\"https:\/\/www.visitsellano.info\/it\/scopri-sellano\/il-ponte-tibetano\" target=\"_blank\" rel=\"noopener\"><span style=\"text-decoration: underline;\">Sellano &#8211; Ponte Tibetano<\/span><\/a><\/p>\n<p>E tanto altro ancora &#8230;<\/p>\n<p>[\/et_pb_text][et_pb_text module_id=&#8221;parksandrecreation&#8221; _builder_version=&#8221;4.24.2&#8243; _module_preset=&#8221;9a14bd88-113e-4b4d-a6d8-b08ba9ca47f1&#8243; custom_margin=&#8221;||0px||false|false&#8221; global_colors_info=&#8221;{}&#8221;]<\/p>\n<h4>Chiesa di Plestia<\/h4>\n<p>[\/et_pb_text][et_pb_text _builder_version=&#8221;4.24.2&#8243; _module_preset=&#8221;f100af8c-f3d0-4327-ba93-13fc1c31dcb2&#8243; global_colors_info=&#8221;{}&#8221;]<\/p>\n<p>La chiesa di Santa Maria di Pistia, conosciuta anche come \u201cdi Plestia\u201d, sorge sul luogo dell\u2019antica cattedrale e ne incorpora i resti. Questa chiesa \u00e8 in stile protoromanico ed \u00e8 un santuario di confine, situato sull\u2019Altopiano Plestino, al confine tra Umbria e Marche<\/p>\n<p>[\/et_pb_text][et_pb_text module_id=&#8221;library&#8221; _builder_version=&#8221;4.24.2&#8243; _module_preset=&#8221;9a14bd88-113e-4b4d-a6d8-b08ba9ca47f1&#8243; custom_margin=&#8221;||0px||false|false&#8221; global_colors_info=&#8221;{}&#8221;]<\/p>\n<h4>Archeologia<\/h4>\n<p>[\/et_pb_text][et_pb_text _builder_version=&#8221;4.24.2&#8243; _module_preset=&#8221;f100af8c-f3d0-4327-ba93-13fc1c31dcb2&#8243; global_colors_info=&#8221;{}&#8221;]<\/p>\n<p>Il territorio di Colfiorito, noto come Plestia, ha una storia che risale all\u2019epoca protostorica e romana. Plestia era situata sull\u2019altopiano di Colfiorito, nelle attuali regioni Umbria e Marche. Scavi archeologici hanno rivelato resti di abitazioni private, edifici pubblici e necropoli preromane<\/p>\n<p>[\/et_pb_text][\/et_pb_column_inner][\/et_pb_row_inner][\/et_pb_column][\/et_pb_section]<\/p>\n","protected":false},"excerpt":{"rendered":"<p>Scopri ColfioritoEventi a Colfiorito &nbsp;Fiera di PlestiaLa Fiera di Plestia si svolge a Colfiorito, da maggio a settembre, la mattina del luned\u00ec successivo alla prima domenica del mese.E&#8217; una manifestazione che affonda le proprie origini nel medioevo, o ancor pi\u00f9 lontano e, che richiama gli abitanti di tutti i paesi degli altopiani.Potrebbe essere definita un [&hellip;]<\/p>\n","protected":false},"author":1,"featured_media":0,"parent":0,"menu_order":0,"comment_status":"closed","ping_status":"closed","template":"","meta":{"_et_pb_use_builder":"on","_et_pb_old_content":"","_et_gb_content_width":"","footnotes":""},"class_list":["post-108","page","type-page","status-publish","hentry"],"_links":{"self":[{"href":"https:\/\/prolococolfiorito.it\/index.php\/wp-json\/wp\/v2\/pages\/108","targetHints":{"allow":["GET"]}}],"collection":[{"href":"https:\/\/prolococolfiorito.it\/index.php\/wp-json\/wp\/v2\/pages"}],"about":[{"href":"https:\/\/prolococolfiorito.it\/index.php\/wp-json\/wp\/v2\/types\/page"}],"author":[{"embeddable":true,"href":"https:\/\/prolococolfiorito.it\/index.php\/wp-json\/wp\/v2\/users\/1"}],"replies":[{"embeddable":true,"href":"https:\/\/prolococolfiorito.it\/index.php\/wp-json\/wp\/v2\/comments?post=108"}],"version-history":[{"count":9,"href":"https:\/\/prolococolfiorito.it\/index.php\/wp-json\/wp\/v2\/pages\/108\/revisions"}],"predecessor-version":[{"id":208,"href":"https:\/\/prolococolfiorito.it\/index.php\/wp-json\/wp\/v2\/pages\/108\/revisions\/208"}],"wp:attachment":[{"href":"https:\/\/prolococolfiorito.it\/index.php\/wp-json\/wp\/v2\/media?parent=108"}],"curies":[{"name":"wp","href":"https:\/\/api.w.org\/{rel}","templated":true}]}}